e s(-102).
7
Let a(o) = 9*o**2 + 2360*o - 1737. Calculate a(-263).
104
Let m(i) = -78*i - 34382. Calculate m(-438).
-218
Let b(d) = -4*d**3 + 261*d**2 - 30*d + 20. Determine b(65).
2295
Let j(s) = 1747*s - 40189. Give j(23).
-8
Let w(d) = -4*d**2 + 162*d - 359. What is w(36)?
289
Let m(q) = -2*q**2 + 1386*q + 11118. Calculate m(-8).
-98
Let j(b) = 171138*b + 1711453. Give j(-10).
73
Let o(l) = 3*l**3 - 34*l**2 - 164*l - 18. What is o(15)?
-3
Let g(u) = -5*u**3 - 232*u**2 + 4086*u + 21765. Give g(-59).
-6
Let o(h) = 4*h**2 + 431*h + 10871. What is o(-40)?
31
Let r(k) = k**3 + 313*k**2 + 9*k + 2532. Determine r(-313).
-285
Let j(l) = 3*l**3 + 334*l**2 + 1093*l + 1412. Give j(-108).
8
Let k(i) = -66*i + 600. Determine k(11).
-126
Let j(c) = 112*c - 5312. Calculate j(48).
64
Let f(q) = -2*q**2 + 2408*q - 633210. What is f(388)?
6
Let m(f) = 68*f - 1034. Calculate m(19).
258
Let x(y) = 22804*y**2 + 205282*y + 427. What is x(-9)?
13
Let p(g) = -g**3 + 25*g**2 + 93*g - 2929. Determine p(25).
-604
Let h(y) = 49*y**2 - 478*y - 2907. Give h(14).
5
Let r(t) = 2*t**2 - 398*t - 126343. What is r(-171)?
197
Let s(h) = 9*h**3 + 843*h**2 - 285*h - 292. Determine s(-94).
-10
Let f(p) = -18*p**2 - 1909*p - 20942. Calculate f(-11).
-2121
Let n(v) = -47*v**3 + 427*v**2 - 24*v + 52. Give n(9).
160
Let u(m) = -m**3 + 58*m**2 - 222*m + 232. Give u(54).
-92
Let h(w) = 3*w**3 + 107*w**2 + 466*w + 13936. Calculate h(-35).
76
Let q(j) = 2278*j - 32476. Give q(15).
1694
Let l(m) = 7*m**3 - 371*m**2 - 4931*m + 282. Determine l(64).
90
Let b(n) = -3*n**3 + 8*n**2 + 428*n + 408. What is b(-10)?
-72
Let u(a) = 4*a**3 - 24*a**2 + 71*a - 463. What is u(6)?
-37
Let m(x) = 15*x**2 - 2064*x + 5165. Determine m(135).
-100
Let y(o) = -3*o**3 - 1035*o**2 - 4117*o + 67. Determine y(-4).
167
Let l(y) = 5*y**2 + 1294*y + 16918. Calculate l(-245).
13
Let d(i) = 71*i - 2190. Give d(37).
437
Let m(b) = -3137*b + 9792. Give m(3).
381
Let d(u) = 6*u**2 - 427*u + 6247. Calculate d(20).
107
Let b(o) = o**2 + 415*o + 40305. Give b(-155).
5
Let j(w) = 172*w + 3339. Determine j(-26).
-1133
Let r(q) = 3*q**2 + 191*q + 1437. Calculate r(-55).
7
Let r(f) = 742*f + 52535. What is r(-71)?
-147
Let f(a) = -5*a**2 + 366*a + 3. Give f(77).
-1460
Let p(a) = -7116*a - 3643384. Calculate p(-512).
8
Let q(b) = 609*b**2 - 21835*b - 3198. What is q(36)?
6
Let q(b) = -12*b**2 - 106*b - 797. Calculate q(-12).
-1253
Let i(n) = 19*n**2 + 703*n + 1408. Calculate i(-35).
78
Let n(x) = -3*x**2 - 9394*x + 2169078. Determine n(216).
6
Let i(c) = 2062*c + 1167089. Give i(-566).
-3
Let t(c) = -c**3 + 426*c**2 + 1549*c + 73524. Calculate t(430).
-6
Let w(f) = 3*f**2 - 24712*f + 74100. Determine w(3).
-9
Let y(j) = j**2 - 84*j - 526. Determine y(-10).
414
Let n(a) = -6*a**2 - 179*a + 1101. Calculate n(6).
-189
Let v(t) = -t**2 + 245*t - 3469. Determine v(230).
-19
Let q(z) = -2*z**3 - 92*z**2 + 90*z - 42. Calculate q(-47).
146
Let r(d) = 107721*d + 753989. Calculate r(-7).
-58
Let f(a) = 3*a**2 + 909*a - 14309. Give f(15).
1
Let q(i) = 119*i**2 - 54*i + 55. Calculate q(1).
120
Let x(m) = 2458*m - 16702. What is x(7)?
504
Let l(a) = a**3 + 45*a**2 + 24*a + 392. Give l(-45).
-688
Let o(p) = -208*p**3 - 5622*p**2 - 166*p - 11. Determine o(-27).
97
Let b(y) = 2*y**3 + 64*y**2 - 11089*y + 2940. Calculate b(60).
0
Let y(s) = -278*s**3 - 2224*s**2 - 83*s - 710. Determine y(-8).
-46
Let y(p) = -346*p - 8065. Calculate y(-24).
239
Let y(j) = -j**2 - 676*j + 5328. What is y(8)?
-144
Let o(b) = -48855*b + 977094. Calculate o(20).
-6
Let d(q) = 2307*q + 242235. What is d(-105)?
0
Let k(b) = 1906225*b - 7624926. Calculate k(4).
-26
Let j(a) = a**3 + 57*a**2 + 28*a - 1511. Determine j(-56).
57
Let i(d) = d**2 + 152*d - 1788. Determine i(10).
-168
Let g(u) = 178*u + 1455. Calculate g(-6).
387
Let g(v) = -1054*v**2 - 49535*v + 104. Calculate g(-47).
-37
Let p(f) = 1009*f + 432843. Determine p(-429).
-18
Let z(o) = o**3 - 19*o**2 - 5*o + 52. Give z(12).
-1016
Let x(y) = y**3 - 94*y**2 - 742*y - 821. Give x(-6).
31
Let b(i) = -13573*i - 719377. Calculate b(-53).
-8
Let r(t) = -5*t**3 + 1622*t**2 - 4820*t - 4. Give r(3).
-1
Let f(n) = -n**3 - 13*n**2 + 8533*n - 1646. Calculate f(86).
-12
Let q(l) = -81*l**2 - 26007*l - 1888. Determine q(-321).
38
Let j(x) = 536*x**2 - 5975*x + 6148. Give j(10).
-2
Let j(y) = 5721*y**2 + 57209*y - 11. Give j(-10).
-1
Let m(g) = 7577*g + 530358. What is m(-70)?
-32
Let u(g) = -2*g**3 - 32*g**2 - 29*g - 18. Determine u(-15).
-33
Let u(f) = -92997*f - 1580950. What is u(-17)?
-1
Let y(x) = -3516*x**2 - 24593*x + 21. What is y(-7)?
-112
Let u(b) = 2*b**3 + 24*b**2 - 26812*b - 321738. Calculate u(-12).
6
Let h(t) = -t**3 + 8*t**2 - 73*t + 217. Give h(3).
43
Let m(y) = 840*y + 898. What is m(-1)?
58
Let t(g) = -10292*g + 30867. What is t(3)?
-9
Let y(i) = 21406*i**2 - 449527*i + 16. Give y(21).
-5
Let o(a) = 4*a**3 + 11*a**2 - 136*a + 123. Calculate o(8).
1787
Let n(s) = -s**3 + 1533*s**2 - 506009*s - 1443. What is n(481)?
0
Let z(x) = -x**3 - 869*x**2 - 1560*x + 150864. What is z(-867)?
6
Let n(j) = 47*j**2 + 87*j + 97. Calculate n(-6).
1267
Let d(t) = -53*t**3 + 11*t**2 + 33*t - 45. Give d(1).
-54
Let p(a) = 3*a**2 - 171*a + 912. Determine p(6).
-6
Let k(x) = 2*x**2 - 393*x + 17404. Calculate k(56).
1668
Let c(v) = v**2 - 1003*v + 203383. What is c(283)?
-377
Let t(d) = -d**3 + 55*d**2 + 2354*d - 129454. Calculate t(55).
16
Let o(a) = a**3 + 26*a**2 - 32*a + 585. Calculate o(-30).
-2055
Let q(p) = 175*p - 917. Give q(6).
133
Let i(c) = c**3 - 74*c**2 + 47*c + 2091. What is i(73)?
193
Let q(t) = -46*t**2 + 839*t - 2604. Give q(15).
-369
Let z(g) = -65568*g + 590039. What is z(9)?
-73
Let t(y) = -y**3 - 184*y**2 - 361*y + 553. Determine t(-182).
7
Let f(j) = 38072*j + 2093958. Determine f(-55).
-2
Let n(i) = 114*i - 8324. What is n(86)?
1480
Let w(p) = -12*p**2 + 112*p + 3594. Calculate w(-13).
110
Let m(k) = -2*k**2 - 48*k + 358. Calculate m(5).
68
Let r(v) = 2*v**2 - 195*v + 3196. Calculate r(21).
-17
Let a(m) = 32*m - 391. Calculate a(15).
89
Let h(t) = 2*t**3 + 74*t**2 + 295*t - 2. Calculate h(-33).
-1025
Let d(s) = -8*s**3 + 663*s**2 + 99*s + 41. Determine d(83).
1369
Let g(t) = 118307*t - 118317. Determine g(1).
-10
Let z(x) = -455*x - 58408. Calculate z(-128).
-168
Let a(u) = -57221*u - 2346049. Calculate a(-41).
12
Let t(n) = 159*n**2 - 34485*n - 3965. What is t(217)?
-59
Let g(q) = -197425*q + 5922741. What is g(30)?
-9
Let z(g) = g**3 - 19*g**2 + 209*g - 5722. What is z(22)?
328
Let o(s) = 7*s**2 - 387*s + 452. Determine o(54).
-34
Let r(l) = -144191*l - 576776. Calculate r(-4).
-12
Let o(n) = 2*n**3 - 246*n**2 + 197*n - 24241. What is o(123)?
-10
Let m(r) = 5*r - 1545. Give m(-41).
-1750
Let f(l) = -2*l**3 + 31*l**2 + 21*l - 114. Calculate f(14).
768
Let x(v) = 3*v**2 - 5815*v + 80761. Give x(14).
-61
Let t(u) = 2097*u + 471802. What is t(-225)?
-23
Let s(l) = l**2 + 1072*l - 270716. Determine s(211).
-3
Let l(g) = -14*g**2 - 394*g + 6744. What is l(12)?
0
Let f(x) = -x**3 + 92*x**2 - 19*x + 1905. Calculate f(92).
157
Let m(n) = 6*n**3 + 51*n**2 - 73*n - 405. What is m(-9)?
9
Let k(o) = -9*o**2 - 4857*o - 9709. Determine k(-2).
-31
Let c(x) = -6137*x + 142180. What is c(23)?
1029
Let o(l) = 504*l + 19804. What is o(-39)?
148
Let v(j) = -j**2 + 583*j - 17469. Give v(33).
681
Let a(k) = 403*k + 2869. Determine a(-6).
451
Let f(k) = -2*k**2 - 480*k - 13304. What is f(-208)?
8
Let k(s) = -9158*s - 73065. What is k(-8)?
199
Let l(p) = -7*p**2 - 1713*p + 479. What is l(-245)?
-11
Let r(w) = 559*w + 14137. Calculate r(-26).
-397
Let o(h) = 71*h**2 + 10371*h + 736. Determine o(-146).
6
Let k(v) = v**2 - 1642*v + 597286. Calculate k(1098).
-26
Let d(m) = -2*m**3 - 8*m**2 + 49*m + 293. Calculate d(-7).
244
Let c(p) = 9446*p + 132221. Determine c(-14).
-23
Let w(h) = -14518*h - 203240. Determine w(-14).
12
Let t(p) = -p**2 + 1202*p + 28165. Determine t(-23).
-10
Let i(k) = 2*k**3 - 64*k**2 + 294*k - 111. Give i(4).
169
Let l(x) = -26*x**3 + 45*x**2 - x - 4. Determine l(-1).
68
Let f(o) = 746*o + 5268. What is f(-7)?
46
Let p(j) = -49720*j - 5. Determine p(0).
-5
Let v(h) = -27*h + 281. Give v(-15).
686
Let i(t) = 3*t**2 + 5388*t - 81498. Determine i(15).
-3
Let t(v) = 1026553*v - 5132779. Calculate t(5).
-14
